Suppose o - 118 = -4*c, -i*c = 2*c + 4*o - 153. What are the prime factors of c?
29
Let g be (-2 - 1 - (-9 - -8)) + 4. Suppose 3*j - g*j = -4*l + 114, -l + 5*j + 18 = 0. List the prime factors of l.
2, 7
Suppose -l = l. Suppose 5*f - 44 - 1281 = l. What are the prime factors of f/15 - (-6)/(-9)?
17
List the prime factors of 2 + (-2)/(((-8)/(-1437))/(-4)).
1439
List the prime factors of (-4 - -9 - 3)*1014.
2, 3, 13
Suppose -b - 13 = -4*r - 5, 25 = 3*r + 4*b. Suppose -2*l - 4*k = -8, 4*l - k - 2*k = -6. Suppose o + r*o - 16 = l. List the prime factors of o.
2
Suppose -4*q = 5*u - 3313, q = -0*u - 5*u + 3307. List the prime factors of u.
661
Suppose -2*l = 2*x - 90, 5*x - 66 - 132 = 4*l. Let j = x + -22. What are the prime factors of j?
2, 5
Let l(f) be the second derivative of f**5/20 + 11*f**4/12 - 7*f**3/3 - 5*f**2/2 + f. Let p be 2 - 42/((-3)/(-1)). List the prime factors of l(p).
19
Let t(f) = -f**3 - 25*f**2 + 22*f - 60. List the prime factors of t(-26).
2, 11
Suppose -15 = x + 5*j, 3*j = x - j - 12. Let h = x + 0. Suppose -3*l + h*d + 3*d + 72 = 0, -5*d + 150 = 5*l. What are the prime factors of l?
3
Let r(s) = -s**3 - 9*s**2 - 23*s - 7. Let k be r(-9). Let x = k - 73. What are the prime factors of x?
127
Suppose 4*q + 10 = -2*v - 12, -5*v + 2*q - 19 = 0. What are the prime factors of 1 - 5/(v/129)?
2, 5, 13
Let x = -4 - -4. Let b be 3 - 0/(-2 - -4). Suppose d - b = -2*d, x = -2*i - 3*d + 41. List the prime factors of i.
19
Let a(c) = -c**2 - 3*c - 1. Let q be a(-1). Let x be q*(-2 + 2 - -1). List the prime factors of 8 - x - (1 + 0).
2, 3
Let h(f) = 7*f**2 + 14*f - 14. What are the prime factors of h(-9)?
7, 61
Let v be 10/(-35) - (-2)/7. Let t(w) = v + 12*w + 0. What are the prime factors of t(1)?
2, 3
What are the prime factors of 2100/4 - (-9 - -9)?
3, 5, 7
Suppose -3*b = -8*b - 30. Let m be ((-9)/b)/(3/6). Suppose 0 = m*d + 2*d - 65. List the prime factors of d.
13
Let j(f) = 4*f - 3*f + 0*f + 7. Let n be j(-4). Suppose y - 53 = n*c, -4*c + 6*c + 8 = 0. What are the prime factors of y?
41
Suppose 3*f + 4*j = -32, 0 + 14 = -f + 2*j. Let y(o) = -o**2 - 10*o - 4. Let x be y(-10). Let n = x - f. List the prime factors of n.
2
Let i(q) = q**3 - q**2 + 4. Let d be i(0). Let h = 7 + -3. Suppose 4*l = h*p - 164, 3*l = -d*p - 2*l + 128. What are the prime factors of p?
37
Let l(v) = 12*v**2 + 10*v + 85. List the prime factors of l(-14).
2297
Suppose -2*m = m - 51. Let u = -15 + m. List the prime factors of 0 - (-57 - (5 - u)).
2, 3, 5
Let o = 3 + -2. Let k be (-1)/o - 87/(-3). Suppose 0 = -c - 3*c + k. What are the prime factors of c?
7
Suppose 193*f = 207*f - 14910. List the prime factors of f.
3, 5, 71
Suppose -26*f = -28*f + 3*t + 3773, 5*f - 9445 = 5*t. List the prime factors of f.
2, 947
Let q be (-3)/(36/81 - 1/2). Let g = -36 + q. What are the prime factors of g?
2, 3
Suppose -5*o - 2 = 7*i - 3*i, -10 = -3*i + 2*o. Suppose 2 = -q, i*q - 79 - 241 = -2*m. List the prime factors of m.
2, 3
Let d be (3/9)/(1/6). Suppose d*q - q + 3*o = 6, -2 = 2*q - o. Suppose q = -0*g + 5*g - 255. What are the prime factors of g?
3, 17
Suppose 127*n + 3000 = 147*n. What are the prime factors of n?
2, 3, 5
List the prime factors of -22*((-4)/8)/((-1)/(-15)).
3, 5, 11
Let w(t) = 3*t**2 + 4*t + 2. Let g be (-3)/(-6)*-2 + -9. Let o(y) = -y**3 - 10*y**2 - 2. Let b be o(g). List the prime factors of w(b).
2, 3
Suppose 2*n - 1282 = -290. List the prime factors of n.
2, 31
Let o(i) = -i**2 - 15*i - 8. Let u(n) = -n + 12. Let l be u(4). Let s(b) = -b**2 + 5*b + 17. Let c be s(l). What are the prime factors of o(c)?
2, 3
Suppose 2*j = -0*j + 12. Let o be -6*(-2 - 15/j). Suppose -4*x - q + 96 = o, 2*q - 74 = -4*x. List the prime factors of x.
2
Let q(y) = -y + 24. Let j be q(8). Suppose -3*t + t = 0, -3*t - j = -2*i. List the prime factors of i.
2
Let d = 1022 - -148. What are the prime factors of d?
2, 3, 5, 13
Let s(z) = 9*z - 28. Let v(w) = -2*w**2 - 39*w + 3. Let q be v(-19). List the prime factors of s(q).
2, 5, 17
Let s(d) = d**2 - 2. Let k(c) = -c**2 + c + 2. Let y(p) = 2*k(p) + 3*s(p). Suppose 3*i - 5 = 1. What are the prime factors of y(i)?
2, 3
Let y be (21/28)/(3/36*3). Let k(b) = 36*b - 3. Let m be k(3). Suppose 5*p + m = 5*q, -p - y*p = -3*q + 68. List the prime factors of q.
2
Let z be (9560/(-6))/4 - 32/48. Let i = -263 - z. What are the prime factors of i?
2, 17
Suppose -5*c + 1269 = 4*w, 0*w - w - 2*c + 315 = 0. Suppose -9*x + w = -6*x. Suppose 5*s - x = 3*f, -s + f + 15 = 2*f. List the prime factors of s.
19
Suppose -7*x - 1722 + 6832 = 0. What are the prime factors of x?
2, 5, 73
Suppose c = -c - 18. Let y(z) = -2*z - 4. Let j be y(c). Suppose -3*x = -38 + j. List the prime factors of x.
2
Let a(i) = 5 - 8*i - 4*i - 64*i - 3. What are the prime factors of a(-1)?
2, 3, 13
Let n(k) = k**2 + 35*k - 18. What are the prime factors of n(14)?
2, 167
Let n(i) = i + 12. Let m be n(-8). List the prime factors of (-6)/m*4360/(-30).
2, 109
Suppose 2*f = x - 1114, 2*f + 33 = 5*x - 5537. Suppose -2*g - 3*g - 2*m = -x, -m = 3*g - 669. List the prime factors of g.
2, 7
Suppose 197 = 2*g - 2*y + 81, 3*y = 15. What are the prime factors of g?
3, 7
Let s(d) = d + 4. Let y be s(0). Suppose 3*j - 174 = -5*h, y*j - 3*h - 135 = 2*j. What are the prime factors of j?
3, 7
Suppose 5*v = 15, -5*g + 5202 - 1440 = 4*v. What are the prime factors of g?
2, 3, 5
Let m(z) = z**2 + 1. Let v be m(-2). Let r be 8/(-6)*(-3)/2. Suppose r*i = v*h - 10 - 100, 2*i = h - 30. What are the prime factors of h?
2, 5
Suppose 6*r + 5*r = 165. What are the prime factors of (r/(-10) + 3)*(-118)/(-3)?
59
Let m(p) = 4*p + 8. Let x be m(-2). Suppose x = -2*o - 22 + 258. List the prime factors of o.
2, 59
Let g(h) = h**3 - 7*h**2 + 8*h - 9. Let y be g(6). Suppose y*n - n = 104. What are the prime factors of n?
2, 13
Let r = 42 + 90. Suppose r + 19 = a - 3*d, 5*a = d + 727. List the prime factors of a.
5, 29
Suppose 0 = 13*s - 13636 - 11740. What are the prime factors of s?
2, 61
Let c(r) = -r**3 + 11*r**2 + 15*r - 11. Let h be c(12). Suppose -h = 7*w - 2*w + 5*l, -3*w = -5*l - 17. List the prime factors of w + -1 - (-396)/11.
2, 17
List the prime factors of 3483 + 2/(-6)*-12.
11, 317
Let t = -1906 + 3357. What are the prime factors of t?
1451
Let s = 1 + 7. Let f(v) = 2*v**2 - 6*v + 3. Let h be f(s). Let g = h - 56. List the prime factors of g.
3
Suppose -5*d - 2 = 4*v, 10 = -d - 4*d. Suppose 0 = -v*h + g + 266, 4*h + 0*h - 532 = g. List the prime factors of h.
7, 19
Suppose 0 = -2*s + 5*s - q - 101, 3*s - 3*q - 105 = 0. List the prime factors of s.
3, 11
Let m be (-26)/(-4) + (-1)/2. Let n be 26/m + (-4)/(-6). Suppose -n*v = -4*p + 47, v - 83 = -5*p - 17. What are the prime factors of p?
13
Let u be -1 + 0 + 0 + 76*2. Suppose 7*b - u = 52. What are the prime factors of b?
29
Let l be (-128)/(-12) + (-4)/6. Let f be (7/14)/((-2)/16). List the prime factors of l/f*24/(-5).
2, 3
Let r be (-7*1)/((-3)/18). Suppose -2 = a - 17. Suppose 3*j = a + r. What are the prime factors of j?
19
Let x(h) = -h**3 - 60*h**2 + 91*h - 120. List the prime factors of x(-62).
2, 3, 107
Let m = 154 + -139. Suppose 4*x = 3*b - 139, 0 = 5*b + 4*x - 87 - 102. Suppose -r - m = -b. List the prime factors of r.
2, 13
Let u(q) = q**2 - 10*q + 20. Let n be u(8). Let s(m) = 4*m - 6. List the prime factors of s(n).
2, 5
Let u be (-3)/(0 + 1/(-5)). Suppose -6*o = -o - u. Suppose -o*l - 15 = -81. List the prime factors of l.
2, 11
Suppose -22*w = -21*w + 253. Let h be w/3 - (-1)/3. Let r = -29 - h. What are the prime factors of r?
5, 11
Suppose -3*y = 4*i - 19 - 2, 3*i - 20 = 2*y. Suppose i = c - 2. Let v(l) = l + 7. What are the prime factors of v(c)?
3, 5
List the prime factors of (105/(-4))/(37/(-1036)).
3, 5, 7
Suppose -7*h = -9*h - 4. What are the prime factors of 168 + 6/h + -2?
163
Let j = -30 + 50. Let s = -174 + 170. List the prime factors of s - -14*j/8.
31
Suppose -5*b = -2*k - 6208 + 14687, 0 = 5*b - 5. List the prime factors of k.
2, 3, 7, 101
Let z = -7 - -15. Let h = z - 8. What are the prime factors of (h + 1)/((-3)/(-18))?
2, 3
Let k = -8 + 10. Suppose -28 = 3*t + i, 0 = k*t + 4*i + 25 + 7. What are the prime factors of t/10 - (-348)/60?
5
Let k(v) be the first derivative of v**4/4 + 13*v**3/3 - 16*v**2 + 3*v + 7. 